ppose 3*t + 3 = -5*f + 27, 0 = -t + 3. What is w(f)?
-8
Let r be (3/(-3) - -3) + 4. Let z(b) = b**2 - 7*b + 8. Calculate z(r).
2
Let p(m) = 6*m**3 - m**2 - 5*m + 1. Let o(q) = q**3 - q. Let g(l) = 5*o(l) - p(l). Determine g(2).
-5
Suppose 5*d = 2*o + 1, 5 = 7*d - 2*d. Let k(g) = o*g**2 + 2*g - 4*g**2 - g. Calculate k(1).
-1
Let h(z) = 14 - 7*z**2 - 9 + z**3 + 6*z + 1. Determine h(6).
6
Let f(x) = -7*x - 1. Let j = 7 + -5. Let l = j + -3. Let k be l/(3/(0 + -3)). What is f(k)?
-8
Let n(m) = m**2 + 10*m. Let u be n(-10). Suppose -4*f = -u*f - 20. Let h(p) = 3 - 1 - f + p. What is h(4)?
1
Suppose -b = -0 + 2, 3*q = -b - 20. Let s be (-21)/6 - 3/q. Let a(l) = -3*l - 4. Give a(s).
5
Let m(x) be the second derivative of -x**6/120 + x**5/60 + x**4/24 + x**3 - x**2/2 + x. Let n(o) be the first derivative of m(o). Let b = 0 + 0. What is n(b)?
6
Suppose 5*r - 76 = 49. Let v = 22 + -14. Suppose -r = 3*z - v*z. Let h(y) = y**3 - 6*y**2 + 5*y + 2. What is h(z)?
2
Let r(v) be the first derivative of 3*v**2 - 2*v + 1. Let w(k) = 7*k - 2. Let o(n) = -6*r(n) + 5*w(n). Let u = -82 + 85. Give o(u).
-1
Let i = 4 + 4. Let l be 52/16 + (-2)/i. Let a(j) = -3*j**2 + 5 + 3*j**2 - j**3 - 5*j**2 - l*j. Calculate a(-4).
1
Let y(w) = -w**3 - 3*w**2 - 2*w - 3. Let k be y(-3). Let u(l) = -3*l**2 + 6*l - 1. Let c(o) = -2*o**2 + 6*o - 1. Let p(f) = k*u(f) - 4*c(f). Calculate p(-5).
6
Let o(s) be the third derivative of s**5/60 - s**4/3 + 7*s**3/6 - 41*s**2. What is o(5)?
-8
Suppose -z + l - 11 = z, l = z + 7. Let s(y) = -y**3 + y**2 - 4*y + 3. Let b(f) = f**3 - f**2 + 5*f - 4. Let v(g) = z*s(g) - 3*b(g). Calculate v(0).
0
Suppose -s + 5*s = -4*u - 16, 5*s - 2*u = -20. Let c(g) = g**3 - 9*g**2 + 8*g + 2. Let z be c(8). Let v(j) = -6 + 3*j - 3*j**z + 3 + 0 - j**3. What is v(s)?
1
Suppose -3*j = -4 - 2. Let m(l) = -l**3 - l - 4 + 5*l**2 - 2*l + 0*l**j. Give m(4).
0
Let h(x) = x**3 + 3*x**2 + 3*x - 7. Let n(w) = -w**3 - 2*w**2 - 2*w + 4. Let f(q) = 3*h(q) + 5*n(q). Give f(-2).
13
Let w(f) be the first derivative of -3*f**4 + f**2/2 + f + 13. Give w(-1).
12
Suppose w + 12 = 3*p, -w + 0*w - 3*p = 0. Let c(s) = s**3 + 5*s**2 - 5*s - 8. Determine c(w).
-14
Let k(j) = -1. Let l(u) = u**2 + 4*u - 1. Let w be l(-4). Let b(z) = z + 4. Let s(d) = w*b(d) + k(d). Determine s(-5).
0
Let v(c) = -c - 3. Let k be v(-5). Let h = -4 + k. Let f(y) = y**2 + 4*y. Give f(h).
-4
Let h(x) = -16 - 9 + 23 + 10*x. Determine h(2).
18
Let i(l) = -8*l**2 + l - 5. Let k(w) = -w**2 - 1. Let q(p) = i(p) - 4*k(p). What is q(1)?
-4
Let j(v) be the second derivative of 4*v**3/3 - v**2/2 + 10*v. Determine j(-1).
-9
Let f(y) = 20*y**2 + 25*y + 25. Let s(r) be the first derivative of 5*r**3/3 + 3*r**2 + 6*r + 3. Let v(j) = -6*f(j) + 25*s(j). What is v(-1)?
5
Suppose 23 = 3*o - 2*i, -3*o + 5*i = 2*o - 45. Let b = 9 - o. Let y(z) = 5*z - 2*z - 6 + 0. Give y(b).
6
Let g be (-15)/(-2) - (-5)/(-10)*-1. Let i(m) = -m**3 + 8*m**2 - 2*m + 12. Give i(g).
-4
Let u(l) be the second derivative of l**5/30 - l**4/8 - 2*l**3/3 + l**2 + l. Let m(f) be the first derivative of u(f). Let r = -66 - -69. Calculate m(r).
5
Suppose -4*f = -4*x + 4, 0 = x + 4*f - 9 - 7. Let b(m) = m**3 - 3*m**2 - 4*m. Calculate b(x).
0
Let z(y) = 3*y**2 - 5*y - 6. Let b(u) = u**2 + u - 1. Let c(k) = -2*b(k) + z(k). Determine c(8).
4
Let n(o) = -o**3 - o**2 - 2*o. Let s = 33 - 19. Suppose 3*c = 4 + s. Suppose 3*j = 2*h + 1, 9 = 2*h - c*h - j. What is n(h)?
8
Let l = -4 + 1. Let t(o) = -2*o. Give t(l).
6
Let o(n) = 4*n**2 - 6*n + 4. Let y(z) = z**2 + 1. Let k(m) = -o(m) + 5*y(m). Suppose 3*c = 3 - 15. Determine k(c).
-7
Let t(i) be the first derivative of -i**6/120 - i**5/12 - i**4/12 - i**3/3 - 5*i**2/2 + 5. Let f(y) be the second derivative of t(y). Determine f(-5).
8
Let n(m) = -m + 1. Let c(f) = 3*f - 8. Let p(y) = c(y) + 4*n(y). Determine p(2).
-6
Let l = -70 - -70. Let x(w) = -w**2 + w + 24. Determine x(l).
24
Let w(j) = -2*j**2 + 2*j - 1. Let o(p) = 3*p**2 + 2*p + 1. Let a be o(-1). Let m = -1 + a. What is w(m)?
-1
Let k(r) be the second derivative of 0 - 2*r**2 - 4*r + r**3 + 1/12*r**4. Determine k(-6).
-4
Let l(z) be the second derivative of -z**3/6 + 3*z**2/2 - z. Let b = 6 + -4. Let u be 2/(3/(-2) + b). Calculate l(u).
-1
Let i(u) be the third derivative of u**7/5040 - u**5/20 - u**2. Let z(t) be the third derivative of i(t). Calculate z(-2).
-2
Let n(v) = -v**2 - 3*v + 2. Let j be n(1). Let z(c) be the second derivative of -c**3/2 - 3*c**2/2 + c. Give z(j).
3
Let z(j) = 2*j - 7. Let i(t) = t. Let c(n) = -3*i(n) + z(n). What is c(-8)?
1
Let s(g) = -g**3 - 6*g**2 + 5. Suppose 5*c - 2 = -4*b + 9, 3 = -3*b. Let z be (0 + 3 + c)/(-1). Give s(z).
5
Let s(p) be the second derivative of -p**7/840 + p**6/72 - p**5/20 + 5*p**4/24 + p**3/3 + 5*p. Let i(j) be the second derivative of s(j). Give i(4).
-3
Let k(j) = j**2 - 7*j + 5. Suppose -p = 5*t - 34, -2*t + 2*p + 9 = -7. Let x be k(t). Let f(s) = s**2 - 5*s + 5. What is f(x)?
5
Let j(i) = i - 2. Suppose 0 = 5*r + 25, k + 2*k = -5*r - 7. Calculate j(k).
4
Let z(u) = 7*u - 1. Let i(j) = -8*j + 1. Let b(h) = -3*i(h) - 4*z(h). Let x = -5 + 8. Suppose 2*c - 4 = 3*t, 5*c = 4*c + x*t + 5. Give b(c).
5
Let m(h) = -h**3 + 3*h**2 + 2*h + 1. Suppose x + 0 = 3. Let t be ((-8)/x)/((-2)/3). What is m(t)?
-7
Let f(o) = -o**2 + 6*o - 4. Let g be f(4). Let z(j) be the second derivative of -j - 1/6*j**3 + 9/2*j**2 + 0. Determine z(g).
5
Let i(v) = v**2 - 2*v + 2. Let u be i(4). Suppose 5*k - 3*k = -2*r - 6, -u = -2*r + 2*k. Let j be r/((-3)/(-9)) - 0. Let y(p) = p**2 - 2*p + 4. Determine y(j).
7
Let w(q) be the first derivative of -q - 1/3*q**3 - 1/2*q**2 + 4. Let s(j) be the first derivative of w(j). Calculate s(5).
-11
Let p be 32/(-20) - 3/(-5). Let s be (4 + p)*4/6. Let w(j) = j + j - 2*j + s - j. Calculate w(0).
2
Let s be -4 + 2 - (-1 + 2). Let u = 0 - s. Let b(h) = h + 4*h**2 + 1 - 5*h**2 + 1. What is b(u)?
-4
Let a be (0 + -3)*16/(-24). Suppose -4*k + x = -0*x + 15, 4*k - a*x + 10 = 0. Let n(z) = z**2 + 2*z - 7. Determine n(k).
8
Let a(l) = -3*l**2 + 12*l + 19. Let u(x) = -2*x**2 + 8*x + 13. Let r(w) = -5*a(w) + 7*u(w). Calculate r(5).
1
Let d(v) = v - 1. Let y(h) = -5*h**2 - 5*h + 2. Let p(x) = 3*d(x) + y(x). Let s = -6 + 5. Calculate p(s).
-4
Let i be (-9)/(-6)*(-16)/12. Let t be (i - 0)/((-3)/(-21)). Let x be (-66)/t + (-2)/(-7). Let q(y) = -y - 2. Determine q(x).
-7
Let f(n) = 6 + 6*n + 3 + 12*n - 20*n. Determine f(9).
-9
Let d(v) = -v**3 - 10*v**2 + 11*v + 1. Let z be d(-11). Let k = z + -7. Let x(p) = -p**3 - 7*p**2 - 3*p + 6. Give x(k).
-12
Suppose 0 = -9*y + 4*y + 15. Suppose -y*q = -i - 7, -5*i = -5*q - 4 + 29. Let t(z) = -1. Let g(k) = 3*k + 9. Let f(c) = g(c) + 9*t(c). Calculate f(q).
3
Let j(s) = -s**2 + s + 5. Let c be j(0). Let i(u) = u**2 - 7*u + 7. Determine i(c).
-3
Let l(n) = -n - 1. Let o(k) = -9. Let s(t) = -2*l(t) + o(t). Suppose r = 2*a + 11, 3*r + a = -4*a. Give s(r).
3
Let h(m) = -m + 10. Let l(x) = -x**3 - 15*x**2 - 12*x + 15. Let p be l(-14). Let k = 17 - 35. Let w = p - k. Determine h(w).
5
Let g(h) = 6 + 0 - 2 + h - 2*h. Suppose 0 = c - 5*p - 5, -p = 4*c - 9*c + 25. Suppose -2*u - c*b = -12, -5*u - 13 = 2*b - 1. Determine g(u).
8
Let k(w) be the first derivative of w**4 - w**2 + w - 7. Calculate k(1).
3
Suppose -2*p - 4*i = -p - 2, -4*p = 2*i - 8. Let k(h) = 8*h - 3. Give k(p).
13
Let l(w) = -w**3 - 8*w**2 - w - 8. Let s = 4 - 12. Let z be l(s). Suppose -3*y + 12 = -z*y, 13 = -t + 3*y. Let k(d) = -d + 1. What is k(t)?
2
Let c(w) = w**2 + 0*w**2 + 8*w - 10*w. Let b be c(2). Let u(h) = h - 7. Determine u(b).
-7
Let s(k) be the first derivative of k**2 - 2*k + 3. Calculate s(6).
10
Let w(p) = -p**2 - p. Let n be w(-1). Let u(k) be the third derivative of -1/3*k**3 + n + 0*k + 1/24*k**4 + 3*k**2. Give u(-5).
-7
Suppose 4*q = 3 + 1. Let u(d) = -7*d - 10. Let k(o) = -3*o - 5. Let h(g) = 5*k(g) - 2*u(g). Let r(f) = f + 1. Let n(t) = h(t) + 6*r(t). What is n(q)?
6
Let l(j) = j + 4. Suppose -5*i + 3*m = 2 + 28, -5*i - 5*m = -10. What is l(i)?
1
Let p = 4 - 1. Let x(l) = -p*l - 1 - 2*l**2 + 5*l**3 + l**3 + l. Suppose 0*n + 2 = -2*n. Calculate x(n).
-7
Let p(d) = -4*d + 31. Let y be p(7). Let i(v) = -4*v + 3. Give i(y).
-9
Suppose -b - 3*b + 4 = 0. Let d be ((-5)/2)/((-2)/4). Let i(p) = -8*p**2 